{"id":102,"date":"2017-09-29T10:04:53","date_gmt":"2017-09-29T10:04:53","guid":{"rendered":"http:\/\/michael.deligant.fr\/wordpress_site_perso_prive\/?page_id=102"},"modified":"2024-11-05T17:21:05","modified_gmt":"2024-11-05T17:21:05","slug":"102-2","status":"publish","type":"page","link":"https:\/\/michael.deligant.fr\/index.php\/102-2\/","title":{"rendered":"Curriculum Vitae"},"content":{"rendered":"<p><strong>Adresse profesionnelle :<\/strong><br \/>\n<a href=\"https:\/\/www.artsetmetiers.fr\/fr\">Arts et M\u00e9tiers Sciences et Technologies<\/a><br \/>\nLaboratoire d&#8217;Ing\u00e9nierie des Fluides et des Syst\u00e8mes Energ\u00e9tiques<br \/>\n151, boulevard de l\u2019H\u00f4pital<br \/>\n75013 Paris, France<\/p>\n<p>T\u00e9l. : +33 1 44 24 63 45<br \/>\nM\u00e8l. : michael.deligant at ensam.eu<br \/>\nSite web du laboratoire : <a href=\"https:\/\/lifse.artsetmetiers.fr\/\">https:\/\/lifse.artsetmetiers.fr\/<\/a><br \/>\n<a href=\"https:\/\/www.researchgate.net\/profile\/Michael_Deligant\" target=\"_blank\" rel=\"noopener noreferrer\"><img loading=\"lazy\" decoding=\"async\" class=\"alignnone\" src=\"https:\/\/www.researchgate.net\/favicon.ico\" alt=\"\" width=\"35\" height=\"35\" \/><\/a><a href=\"https:\/\/fr.linkedin.com\/in\/michael-deligant-2a4b8969\" target=\"_blank\" rel=\"noopener noreferrer\"><img loading=\"lazy\" decoding=\"async\" class=\"alignnone\" src=\"https:\/\/content.linkedin.com\/content\/dam\/brand\/site\/img\/logo\/logo-tm.png\" alt=\"\" width=\"152\" height=\"35\" \/><\/a><\/p>\n<h3><b>Exp\u00e9rience<\/b><strong>\u00a0professionnelle<\/strong><\/h3>\n<ul>\n<li>Depuis 2024 : Professeur des Universit\u00e9s, <a href=\"https:\/\/www.artsetmetiers.fr\/fr\">Arts et M\u00e9tiers Sciences et Technologies<\/a>, Paris, France.<\/li>\n<li>2012-2024 : Ma\u00eetre de Conf\u00e9rences, <a href=\"https:\/\/www.artsetmetiers.fr\/fr\">Arts et M\u00e9tiers Sciences et Technologies<\/a>, Paris, France.<\/li>\n<li>2011-2012 : Chercheur postdoctorant, Conservatoire national des arts et m\u00e9tiers, Paris, France<\/li>\n<li>2008-2011 : Doctorant, Conservatoire national des arts et m\u00e9tiers, Paris, France<\/li>\n<li>2007-2008 : Consultant en informatique, TALAN SAS, Paris, France<\/li>\n<\/ul>\n<h3><strong>Responsabilit\u00e9s a<\/strong><strong>dministratives<\/strong><\/h3>\n<ul>\n<li>2021-2024 : Co-responsable national pour l&#8217;\u00e9tablissement de l&#8217;axe 2\u00a0 : Ing\u00e9nierie responsable et \u00e0 bas co\u00fbt environnemental<\/li>\n<li>Depuis 2019 : Responsable th\u00e8me scientifique : <a href=\"https:\/\/lifse.artsetmetiers.fr\/equipes\/systemes-energetiques-et-management-thermique\">Syst\u00e8mes Energ\u00e9tiques et Management Thermique au laboratoire LIFSE<\/a><\/li>\n<li>Depuis 2021 : Responsable du Master Energie Environnement, parcours Ing\u00e9nierie des Machines \u00e0 Conversion d&#8217;Energie (<a href=\"https:\/\/lifse.artsetmetiers.fr\/ingenierie-des-machines-de-conversion-denergie\">IMCE<\/a>)<\/li>\n<li>Depuis 2018 : Responsable de l&#8217;unit\u00e9 d&#8217;enseignement d&#8217;expertise &#8220;<a href=\"https:\/\/lifse.artsetmetiers.fr\/energie-bas-carbone-environnement-et-systemes-energetiques-efficients-pge-uee-enbaca\">Energie bas carbone, environnement et syst\u00e8mes \u00e9nerg\u00e9tiques efficients<\/a>&#8220;<\/li>\n<li>Depuis 2022 : Responsable de fili\u00e8re, relations internationales avec l&#8217;Oc\u00e9anie (Australie, Nouvelle Z\u00e9lande)<\/li>\n<li>2014-2022\u00a0: Responsable de fili\u00e8re, relations internationales avec les \u00c9tats Unis<\/li>\n<\/ul>\n<h3><strong>Formation<\/strong><\/h3>\n<ul>\n<li>2021 : Habilitation \u00e0 Diriger des Recherches, Sorbone Universit\u00e9<\/li>\n<li>2008-2011: Doctorat en g\u00e9nie \u00e9nerg\u00e9tique Universit\u00e9 Pierre et Marie Curie (UPMC, Paris)<\/li>\n<li>2006-2007: Master recherche Ing\u00e9nierie des Machines de Conversion d\u2019\u00c9nergie (UPMC, Paris)<\/li>\n<li>2004-2007: Dipl\u00f4me d&#8217;ing\u00e9nieur Arts et M\u00e9tiers ParisTech<\/li>\n<li>2002-2004: Classes pr\u00e9paratoires PTSI-PT (CPGE)<\/li>\n<\/ul>\n","protected":false},"excerpt":{"rendered":"<p>Adresse profesionnelle : Arts et M\u00e9tiers Sciences et Technologies Laboratoire d&#8217;Ing\u00e9nierie des Fluides et des Syst\u00e8mes Energ\u00e9tiques 151, boulevard de l\u2019H\u00f4pital 75013 Paris, France T\u00e9l. : +33 1 44 24 63 45 M\u00e8l. : michael.deligant at ensam.eu Site web du laboratoire : https:\/\/lifse.artsetmetiers.fr\/ Exp\u00e9rience\u00a0professionnelle Depuis 2024 : Professeur des Universit\u00e9s, Arts et M\u00e9tiers Sciences et [&hellip;]<\/p>\n","protected":false},"author":1,"featured_media":0,"parent":0,"menu_order":0,"comment_status":"closed","ping_status":"closed","template":"","meta":{"footnotes":""},"class_list":["post-102","page","type-page","status-publish","hentry"],"_links":{"self":[{"href":"https:\/\/michael.deligant.fr\/index.php\/wp-json\/wp\/v2\/pages\/102"}],"collection":[{"href":"https:\/\/michael.deligant.fr\/index.php\/wp-json\/wp\/v2\/pages"}],"about":[{"href":"https:\/\/michael.deligant.fr\/index.php\/wp-json\/wp\/v2\/types\/page"}],"author":[{"embeddable":true,"href":"https:\/\/michael.deligant.fr\/index.php\/wp-json\/wp\/v2\/users\/1"}],"replies":[{"embeddable":true,"href":"https:\/\/michael.deligant.fr\/index.php\/wp-json\/wp\/v2\/comments?post=102"}],"version-history":[{"count":9,"href":"https:\/\/michael.deligant.fr\/index.php\/wp-json\/wp\/v2\/pages\/102\/revisions"}],"predecessor-version":[{"id":256,"href":"https:\/\/michael.deligant.fr\/index.php\/wp-json\/wp\/v2\/pages\/102\/revisions\/256"}],"wp:attachment":[{"href":"https:\/\/michael.deligant.fr\/index.php\/wp-json\/wp\/v2\/media?parent=102"}],"curies":[{"name":"wp","href":"https:\/\/api.w.org\/{rel}","templated":true}]}}