{"id":144,"date":"2017-09-29T12:23:46","date_gmt":"2017-09-29T12:23:46","guid":{"rendered":"http:\/\/michael.deligant.fr\/?page_id=144"},"modified":"2023-04-06T06:42:44","modified_gmt":"2023-04-06T06:42:44","slug":"teaching-activities","status":"publish","type":"page","link":"https:\/\/michael.deligant.fr\/index.php\/en\/teaching-activities\/","title":{"rendered":"Teaching activities"},"content":{"rendered":"<h3>Arts et M\u00e9tiers Institute of Technology\u00a0 (ENSAM)<\/h3>\n<hr \/>\n<h4>Parcours Grande Ecole<\/h4>\n<h5>4th year of higher education<\/h5>\n<ul>\n<li>Cas study for hydrogen mobility\u00a0 : focus on the air compressor for an automotive fuel cell<\/li>\n<\/ul>\n<p><img loading=\"lazy\" decoding=\"async\" class=\"alignnone  wp-image-222\" src=\"https:\/\/michael.deligant.fr\/wp-content\/uploads\/2023\/04\/uei-1-300x112.png\" alt=\"\" width=\"629\" height=\"235\" srcset=\"https:\/\/michael.deligant.fr\/wp-content\/uploads\/2023\/04\/uei-1-300x112.png 300w, https:\/\/michael.deligant.fr\/wp-content\/uploads\/2023\/04\/uei-1-1024x382.png 1024w, https:\/\/michael.deligant.fr\/wp-content\/uploads\/2023\/04\/uei-1-768x287.png 768w, https:\/\/michael.deligant.fr\/wp-content\/uploads\/2023\/04\/uei-1-1536x574.png 1536w, https:\/\/michael.deligant.fr\/wp-content\/uploads\/2023\/04\/uei-1.png 2008w\" sizes=\"(max-width: 629px) 100vw, 629px\" \/><\/p>\n<h5>5year of higher eduction<\/h5>\n<ul>\n<li>Systems modelling\n<ul>\n<li>Applications\/projects : Compressed air energy storage(CAES), gas turbine<\/li>\n<li>Acausal approach using MODELICA language<\/li>\n<\/ul>\n<\/li>\n<\/ul>\n<h5>Master recherche \u00c9nergie Environnement, parcours Ing\u00e9nierie des Machines \u00e0 Conversion d&#8217;Energie (MR-EE-IMCE)<\/h5>\n<ul>\n<li>Syst\u00e8mes \u00e9nerg\u00e9tiques \u00e9conomisant les ressources naturelles, projet d&#8217;initiation \u00e0 la recherche\n<ul>\n<li>Tool initiation : latex, beamer, python, plot digitizer<\/li>\n<li>Litterature research and review methodology : analysis of the sources, bibliometrics, references manager tools<\/li>\n<li>Project : report and presentation on a specific research subject defined from a general theme, analysis of the selected 3 to 5 research paper about the subject<\/li>\n<\/ul>\n<\/li>\n<\/ul>\n<h3>Sorbonne Universit\u00e9 (SU)<\/h3>\n<h4>Master recherche \u00c9nergie Environnement<\/h4>\n<ul>\n<li>Numerical simulation : computationnal fluid dynamics (CFD)\n<ul>\n<li>Organic Rankine cycle (ORC) analysis<\/li>\n<li>Research of operating points adapted for other fluids based on similitudes<\/li>\n<li>Numerical simulation CFD of a radial turbine with real gas<\/li>\n<\/ul>\n<\/li>\n<\/ul>\n","protected":false},"excerpt":{"rendered":"<p>Arts et M\u00e9tiers Institute of Technology\u00a0 (ENSAM) Parcours Grande Ecole 4th year of higher education Cas study for hydrogen mobility\u00a0 : focus on the air compressor for an automotive fuel cell 5year of higher eduction Systems modelling Applications\/projects : Compressed air energy storage(CAES), gas turbine Acausal approach using MODELICA language Master recherche \u00c9nergie Environnement, parcours [&hellip;]<\/p>\n","protected":false},"author":1,"featured_media":0,"parent":0,"menu_order":0,"comment_status":"closed","ping_status":"closed","template":"","meta":{"footnotes":""},"class_list":["post-144","page","type-page","status-publish","hentry"],"_links":{"self":[{"href":"https:\/\/michael.deligant.fr\/index.php\/wp-json\/wp\/v2\/pages\/144"}],"collection":[{"href":"https:\/\/michael.deligant.fr\/index.php\/wp-json\/wp\/v2\/pages"}],"about":[{"href":"https:\/\/michael.deligant.fr\/index.php\/wp-json\/wp\/v2\/types\/page"}],"author":[{"embeddable":true,"href":"https:\/\/michael.deligant.fr\/index.php\/wp-json\/wp\/v2\/users\/1"}],"replies":[{"embeddable":true,"href":"https:\/\/michael.deligant.fr\/index.php\/wp-json\/wp\/v2\/comments?post=144"}],"version-history":[{"count":2,"href":"https:\/\/michael.deligant.fr\/index.php\/wp-json\/wp\/v2\/pages\/144\/revisions"}],"predecessor-version":[{"id":236,"href":"https:\/\/michael.deligant.fr\/index.php\/wp-json\/wp\/v2\/pages\/144\/revisions\/236"}],"wp:attachment":[{"href":"https:\/\/michael.deligant.fr\/index.php\/wp-json\/wp\/v2\/media?parent=144"}],"curies":[{"name":"wp","href":"https:\/\/api.w.org\/{rel}","templated":true}]}}